ime factors of 1840169?
19, 96851
List the prime factors of 4068536.
2, 508567
What are the prime factors of 6338437?
7, 905491
List the prime factors of 275464.
2, 7, 4919
What are the prime factors of 12168810?
2, 3, 5, 135209
List the prime factors of 4242673.
17, 103, 2423
What are the prime factors of 2383?
2383
List the prime factors of 2036400.
2, 3, 5, 1697
What are the prime factors of 469840?
2, 5, 7, 839
What are the prime factors of 704827?
631, 1117
What are the prime factors of 21380748?
2, 3, 739, 2411
What are the prime factors of 1221845?
5, 43, 5683
What are the prime factors of 26068671?
3, 2896519
List the prime factors of 702920.
2, 5, 17573
List the prime factors of 15765162.
2, 3, 7, 53623
What are the prime factors of 3046289?
19, 67, 2393
What are the prime factors of 28824?
2, 3, 1201
What are the prime factors of 3913685?
5, 439, 1783
What are the prime factors of 12800689?
11, 1163699
What are the prime factors of 801544?
2, 100193
What are the prime factors of 3591737?
29, 123853
What are the prime factors of 22363049?
127, 176087
What are the prime factors of 351320?
2, 5, 8783
What are the prime factors of 4951183?
4951183
What are the prime factors of 475943?
13, 31, 1181
What are the prime factors of 525388?
2, 19, 31, 223
What are the prime factors of 3831589?
181, 21169
What are the prime factors of 18185590?
2, 5, 1818559
What are the prime factors of 1311200?
2, 5, 11, 149
List the prime factors of 351096.
2, 3, 14629
List the prime factors of 1612858.
2, 13, 17, 41, 89
List the prime factors of 630487.
11, 13, 4409
List the prime factors of 11863797.
3, 11, 359509
What are the prime factors of 6836506?
2, 487, 7019
What are the prime factors of 3724240?
2, 5, 13, 3581
List the prime factors of 695279.
13, 79, 677
List the prime factors of 138473.
59, 2347
What are the prime factors of 778438?
2, 389219
List the prime factors of 23543701.
4211, 5591
What are the prime factors of 14306719?
7, 2043817
List the prime factors of 10783417.
10783417
List the prime factors of 300245.
5, 11, 53, 103
What are the prime factors of 14262234?
2, 3, 7, 139, 349
List the prime factors of 31058435.
5, 31, 151, 1327
List the prime factors of 345308.
2, 173, 499
What are the prime factors of 168912?
2, 3, 17, 23
What are the prime factors of 2048546?
2, 109, 9397
List the prime factors of 489630.
2, 3, 5, 19, 859
List the prime factors of 4687593.
3, 1562531
List the prime factors of 2197188.
2, 3, 7, 8719
List the prime factors of 451724.
2, 7, 13, 17, 73
List the prime factors of 66379.
41, 1619
What are the prime factors of 744607?
744607
List the prime factors of 12069810.
2, 3, 5, 4967
List the prime factors of 862947.
3, 31, 1031
What are the prime factors of 188748?
2, 3, 7, 107
What are the prime factors of 427589?
41, 10429
List the prime factors of 332565.
3, 5, 22171
What are the prime factors of 968687?
29, 33403
List the prime factors of 681794.
2, 340897
List the prime factors of 203234.
2, 307, 331
List the prime factors of 13188168.
2, 3, 7, 137, 191
List the prime factors of 2191907.
29, 75583
What are the prime factors of 29188491?
3, 9729497
List the prime factors of 19201013.
13, 1477001
What are the prime factors of 19575487?
19575487
What are the prime factors of 352107?
3, 7, 23
What are the prime factors of 25690281?
3, 17, 353, 1427
What are the prime factors of 11692133?
29, 193, 2089
List the prime factors of 8166010.
2, 5, 19, 42979
List the prime factors of 1377525.
3, 5, 18367
List the prime factors of 17533815.
3, 5, 13, 89917
List the prime factors of 17673153.
3, 5891051
What are the prime factors of 1449118?
2, 11, 199, 331
List the prime factors of 1031040.
2, 3, 5, 179
List the prime factors of 291186.
2, 3, 7, 2311
What are the prime factors of 6678616?
2, 7, 239, 499
List the prime factors of 3049343.
11, 277213
What are the prime factors of 594152?
2, 13, 29, 197
List the prime factors of 7794660.
2, 3, 5, 163, 797
List the prime factors of 38578.
2, 19289
What are the prime factors of 2378156?
2, 11, 54049
What are the prime factors of 4072623?
3, 101, 13441
What are the prime factors of 436725?
3, 5, 647
What are the prime factors of 6360900?
2, 3, 5, 7, 13, 233
List the prime factors of 10047.
3, 17, 197
What are the prime factors of 4876996?
2, 19, 64171
What are the prime factors of 192603?
3, 19, 31, 109
What are the prime factors of 2647634?
2, 11, 151, 797
What are the prime factors of 325382?
2, 162691
What are the prime factors of 2975993?
23, 47, 2753
What are the prime factors of 15741824?
2, 7, 17569
What are the prime factors of 10068981?
3, 13, 17, 15187
List the prime factors of 2024246.
2, 7, 144589
What are the prime factors of 2855612?
2, 713903
List the prime factors of 4160230.
2, 5, 416023
What are the prime factors of 4089181?
163, 25087
List the prime factors of 683636.
2, 277, 617
List the prime factors of 57179.
57179
What are the prime factors of 72562?
2, 7, 71, 73
What are the prime factors of 4304209?
7, 13, 29, 233
List the prime factors of 1503069.
3, 281, 1783
List the prime factors of 424564.
2, 7, 59, 257
List the prime factors of 213989.
213989
List the prime factors of 8301582.
2, 3, 153733
List the prime factors of 1996603.
7, 5821
List the prime factors of 4758828.
2, 3, 227, 1747
What are the prime factors of 5665245?
3, 5, 23, 16421
What are the prime factors of 23967834?
2, 3, 11, 363149
What are the prime factors of 284843?
13, 21911
List the prime factors of 504815.
5, 17, 5939
List the prime factors of 324764.
2, 11, 61
List the prime factors of 1769438.
2, 11, 80429
What are the prime factors of 167927?
31, 5417
What are the prime factors of 10618026?
2, 3, 61, 67, 433
What are the prime factors of 683881?
11, 62171
What are the prime factors of 4754352?
2, 3, 37, 2677
List the prime factors of 2573734.
2, 41, 31387
What are the prime factors of 305359?
47, 73, 89
List the prime factors of 260117.
11, 13, 17, 107
List the prime factors of 3557459.
29, 61, 2011
List the prime factors of 26404017.
3, 53, 166063
List the prime factors of 977323.
977323
List the prime factors of 5288088.
2, 3, 13, 17, 997
List the prime factors of 17012219.
7, 43, 56519
What are the prime factors of 22184321?
41, 199, 2719
List the prime factors of 1732023.
3, 21383
What are the prime factors of 306734?
2, 103, 1489
What are the prime factors of 14240465?
5, 137, 20789
List the prime factors of 5131009.
13, 97, 313
What are the prime factors of 5194219?
29, 179111
What are the prime factors of 303048?
2, 3, 23, 61
What are the prime factors of 1785367?
1785367
What are the prime factors of 1258254?
2, 3, 863
What are the prime factors of 365697?
3, 179, 227
List the prime factors of 13335088.
2, 13, 61, 1051
List the prime factors of 37774559.
29, 1302571
List the prime factors of 384121.
31, 12391
What are the prime factors of 4023867?
3, 673, 1993
List the prime factors of 21202180.
2, 5, 857, 1237
What are the prime factors of 8901114?
2, 3, 1483519
What are the prime factors of 39374?
2, 19687
What are the prime factors of 3646494?
2, 3, 173, 1171
What are the prime factors of 33500188?
2, 8375047
List the prime factors of 4785.
3, 5, 11, 29
What are the prime factors of 158640?
2, 3, 5, 661
List the prime factors of 21747661.
13, 1672897
What are the prime factors of 16714786?
2, 11, 759763
List the prime factors of 255070.
2, 5, 23, 1109
What are the prime factors of 14138674?
2, 11, 137, 4691
List the prime factors of 23734115.
5, 4746823
What are the prime factors of 1324919?
271, 4889
List the prime factors of 4751683.
59, 80537
List the prime factors of 2173351.
109, 127, 157
What are the prime factors of 4300639?
7, 614377
What are the prime factors of 16574?
2, 8287
What are the prime factors of 1436147?
1436147
List the prime factors of 24799.
24799
What are the prime factors of 3228647?
797, 4051
List the prime factors of 828711.
3, 13, 787
What are the prime factors of 200474?
2, 100237
List the prime factors of 1921961.
821, 2341
List the prime factors of 245660.
2, 5, 71, 173
What are the prime factors of 8300070?
2, 3, 5, 10247
List the prime factors of 230637.
3, 11, 29, 241
List the prime factors of 76240.
2, 5, 953
List the prime facto